1 a composite number?
False
Is 85763681 a prime number?
False
Is 867978151 composite?
False
Is 3306217 composite?
False
Is 705009 prime?
False
Is 12279233 prime?
True
Is 324954761 a composite number?
True
Is 85288771 a prime number?
True
Is 284624855 composite?
True
Is 582126449 a prime number?
True
Is 674099 prime?
True
Is 24460357 a composite number?
False
Is 31538813 prime?
False
Is 1547647 composite?
True
Is 28746811 composite?
False
Is 4577917 composite?
True
Is 394797595 a composite number?
True
Is 103946611 a composite number?
False
Is 1855649 a composite number?
False
Is 46482533 a prime number?
True
Is 34217371 a prime number?
True
Is 26219209 composite?
True
Is 16999643 composite?
True
Is 9580093 composite?
True
Is 6403163 a composite number?
True
Is 155785403 a prime number?
True
Is 290580007 a composite number?
True
Is 38551143 a prime number?
False
Is 11775707 a prime number?
True
Is 3003697 a prime number?
False
Is 5371793 a composite number?
True
Is 7118077 a composite number?
False
Is 14091451 a composite number?
True
Is 15719393 prime?
True
Is 8404607 a prime number?
False
Is 2071319 prime?
True
Is 27024811 a composite number?
True
Is 94839187 composite?
False
Is 90240281 composite?
True
Is 15489763 prime?
True
Is 1413251 composite?
True
Is 472876991 composite?
True
Is 757495 composite?
True
Is 5840195 a composite number?
True
Is 3076379 prime?
False
Is 1280171 composite?
True
Is 112173071 prime?
True
Is 390227333 a prime number?
False
Is 589278182 a composite number?
True
Is 2819721461 composite?
False
Is 7541179 prime?
True
Is 7501687 composite?
False
Is 112520803 a prime number?
True
Is 2521223 a prime number?
True
Is 144331 a composite number?
True
Is 3096650035 a prime number?
False
Is 312981 prime?
False
Is 75001 a prime number?
False
Is 54395051 a prime number?
True
Is 129412226 a prime number?
False
Is 100443439 prime?
True
Is 2298343 prime?
True
Is 34693553 composite?
False
Is 71852611 composite?
True
Is 892913309 a composite number?
True
Is 79403 a prime number?
False
Is 18915497 prime?
True
Is 146414759 a composite number?
False
Is 20073219 composite?
True
Is 926071 a composite number?
True
Is 196331 prime?
True
Is 2887457 a prime number?
False
Is 1436359949 a prime number?
True
Is 165961 a composite number?
False
Is 339337 a prime number?
False
Is 74574979 a composite number?
True
Is 1675517 composite?
True
Is 275131 a prime number?
True
Is 661321 a prime number?
True
Is 106696589 prime?
True
Is 619897 a prime number?
True
Is 11640847 a prime number?
True
Is 563723 a prime number?
True
Is 17142863 prime?
False
Is 8614509 composite?
True
Is 6230209 a composite number?
False
Is 1341293 a composite number?
False
Is 2309267 a composite number?
False
Is 6685379 prime?
True
Is 45077257 a composite number?
False
Is 49821307 a prime number?
False
Is 55859789 prime?
False
Is 370871 a prime number?
True
Is 701593 a prime number?
True
Is 1056863 prime?
True
Is 24579911 composite?
True
Is 3127979 composite?
False
Is 6124873 a prime number?
True
Is 13731413 a prime number?
False
Is 4431409 composite?
True
Is 23580959 a composite number?
False
Is 30883703 composite?
True
Is 15817511 prime?
True
Is 15521659 a prime number?
True
Is 174954877 a composite number?
False
Is 180371 a prime number?
True
Is 170110667 a prime number?
False
Is 13941451 a prime number?
True
Is 6961013 composite?
False
Is 6332915 prime?
False
Is 26223 prime?
False
Is 34564513 a prime number?
True
Is 34726999 a prime number?
False
Is 4221169 a composite number?
False
Is 1286071 a prime number?
True
Is 2275729 a prime number?
False
Is 46505759 prime?
False
Is 50708657 a prime number?
True
Is 6284077 a composite number?
False
Is 24676723 prime?
False
Is 311189 a composite number?
False
Is 485717 composite?
False
Is 1382279 prime?
True
Is 4371173 a composite number?
True
Is 6365299 composite?
False
Is 108490367 composite?
False
Is 71037793 a composite number?
True
Is 21339581 a composite number?
False
Is 10741769 a composite number?
False
Is 4236313 a composite number?
False
Is 13355441 a composite number?
True
Is 75059 composite?
True
Is 23349346 a prime number?
False
Is 9386123 composite?
True
Is 116251979 prime?
False
Is 285616319 a prime number?
True
Is 128951911 composite?
True
Is 2053153 a prime number?
False
Is 12676133 prime?
True
Is 135203221 a prime number?
False
Is 886107517 a prime number?
True
Is 1375189 composite?
False
Is 10303831 prime?
False
Is 4175971 a prime number?
False
Is 156389 a composite number?
True
Is 44957669 a composite number?
False
Is 60411579 prime?
False
Is 896813 composite?
True
Is 74396857 prime?
True
Is 392923 prime?
True
Is 17697031 a prime number?
False
Is 2921393 a composite number?
True
Is 814622417 composite?
True
Is 8707661 prime?
True
Is 30944287 prime?
False
Is 66552419 composite?
True
Is 32050897 composite?
False
Is 22014911 composite?
True
Is 24759511 a composite number?
True
Is 430459483 composite?
True
Is 39583039 a composite number?
False
Is 25500181 a prime number?
False
Is 8820029 prime?
True
Is 81474007 composite?
True
Is 3026159 composite?
False
Is 5696077 a composite number?
True
Is 781553 composite?
True
Is 437467 composite?
False
Is 4415669 prime?
True
Is 100459517 composite?
True
Is 190278017 composite?
False
Is 7602481 composite?
False
Is 837104621 prime?
True
Is 3035635 a prime number?
False
Is 1047600659 composite?
True
Is 3171547 composite?
False
Is 215354579 a prime number?
False
Is 26878883 a prime number?
False
Is 13603627 composite?
True
Is 3794537 composite?
False
Is 391341 a composite number?
True
Is 26110751 a prime number?
False
Is 9087861 prime?
False
Is 574909763 composite?
True
Is 2601413 composite?
False
Is 15352747 composite?
True
Is 7310893 a prime number?
True
Is 263926693 prime?
True
Is 2303321 a composite number?
False
Is 30227641 a prime number?
False
Is 31866713 a composite number?
True
Is 2922973 a composite number?
False
Is 6058199 composite?
True
Is 37399 composite?
True
Is 6327593 a prime number?
True
Is 7849099 a composite number?
False
Is 9646617 prime?
False
Is 439964429 composite?
False
Is 22014935 prime?
False
Is 20767511 a composite number?
True
Is 535361 prime?
True
Is 8959477 a composite number?
True
Is 23751421 a prime number?
True
Is 109834111 composite?
False
Is 27081713 prime?
False
Is 555287 composite?
False
Is 3602681 a prime number?
True
Is 1222909 prime?
True
Is 25310165 a prime number?
False
Is 7107203 prime?
True
Is 149411 a composite number?
False
Is 298939 composite?
True
Is 8429947 prime?
True
Is 14317949 a prime number?
True
Is 6752617 composite?
False
Is 18890657 a prime number?
False
Is 24863602 prime?
False
Is 7572637 a prime number?
True
Is 2392459 a prime number?
True
Is 21943273 prime?
False
Is 150137431 prime?
False
Is 13420391 prime?
False
Is 361505863 prime?
False
Is 1242403 composite?
False
Is 10350217 composite?
True
Is 126654587 prime?
True
Is 17021203 prime?
True
Is 26773253 a prime number?
False
Is 637129 prime?
True
Is 14110214 composite?
True
Is 20968793 prime?
True
Is 224576753 composite?
False
Is 345181 a prime number?
True
Is 44630251 a composite number?
True
Is 2026105 a prime number?
False
Is 5613527 prime?
False
Is 8219179 prime?
True
Is 12547679 a composite number?
False
Is 70188649 prime?
True
Is 805843 prime?
True
Is 3479309 a prime number?
False
Is 2655689 prime?
False
Is 16509061 a prime number?
True
Is 1170289 composite?
True
Is 5643821 a composite number?
False
Is 106147885 composite?
True
Is 2410195 composite?
True
Is 8254383 a composite number?
True
Is 96623 prime?
False
Is 305248267 a composite number?
False
Is 975137111 a prime number?
False
Is 103851527 composite?
True
Is 13110949 a composite number?
False
Is 1364977 a composite number?
True
Is 8462747 a composite number?
False
Is 2303233 prime?
False
Is 90179 prime?
False
Is 5755521 a composite number?
True
Is 6429613 a composite number?
False
Is 515041 a composite number?
False
Is 63451237 prime?
False
Is 35628427 a prime number?
True
Is 3854381 composite?
True
Is 715079 prime?
False
Is 48668219 composite?
True
Is 661582247 a composite number?
False
Is 22303 a prime number?
True
Is 4106677 prime?
True
Is 2577359 composite?
True
Is 6931939 prime?
False
Is 34354487 comp